5, 47, 151
List the prime factors of 7331.
7331
List the prime factors of 27792.
2, 3, 193
List the prime factors of 116957.
29, 37, 109
List the prime factors of 1464.
2, 3, 61
What are the prime factors of 1997?
1997
List the prime factors of 1822.
2, 911
What are the prime factors of 27823?
27823
What are the prime factors of 210?
2, 3, 5, 7
What are the prime factors of 324?
2, 3
What are the prime factors of 19142?
2, 17, 563
List the prime factors of 23582.
2, 13, 907
What are the prime factors of 21747?
3, 11, 659
List the prime factors of 28491.
3, 9497
List the prime factors of 344.
2, 43
List the prime factors of 5646.
2, 3, 941
What are the prime factors of 86171?
86171
List the prime factors of 12802.
2, 37, 173
List the prime factors of 898.
2, 449
What are the prime factors of 1807?
13, 139
List the prime factors of 6628.
2, 1657
What are the prime factors of 5959?
59, 101
What are the prime factors of 56106?
2, 3, 1039
List the prime factors of 45.
3, 5
List the prime factors of 518.
2, 7, 37
What are the prime factors of 18730?
2, 5, 1873
What are the prime factors of 2377?
2377
What are the prime factors of 9329?
19, 491
List the prime factors of 9810.
2, 3, 5, 109
List the prime factors of 31403.
31, 1013
List the prime factors of 1782.
2, 3, 11
What are the prime factors of 116216?
2, 73, 199
What are the prime factors of 25988?
2, 73, 89
What are the prime factors of 382?
2, 191
What are the prime factors of 1910?
2, 5, 191
List the prime factors of 4435.
5, 887
What are the prime factors of 402?
2, 3, 67
What are the prime factors of 85071?
3, 7, 4051
What are the prime factors of 2288?
2, 11, 13
List the prime factors of 2413.
19, 127
What are the prime factors of 50732?
2, 11, 1153
What are the prime factors of 2?
2
What are the prime factors of 2954?
2, 7, 211
List the prime factors of 2195.
5, 439
List the prime factors of 678.
2, 3, 113
List the prime factors of 222.
2, 3, 37
List the prime factors of 756.
2, 3, 7
List the prime factors of 19816.
2, 2477
List the prime factors of 80923.
80923
What are the prime factors of 58?
2, 29
List the prime factors of 21769.
11, 1979
List the prime factors of 548.
2, 137
What are the prime factors of 36940?
2, 5, 1847
What are the prime factors of 6894?
2, 3, 383
What are the prime factors of 54385?
5, 73, 149
List the prime factors of 827.
827
What are the prime factors of 8035?
5, 1607
What are the prime factors of 374?
2, 11, 17
List the prime factors of 105797.
47, 2251
List the prime factors of 33037.
33037
List the prime factors of 1837.
11, 167
What are the prime factors of 6679?
6679
List the prime factors of 19955.
5, 13, 307
List the prime factors of 32391.
3, 59, 61
List the prime factors of 3850.
2, 5, 7, 11
List the prime factors of 3945.
3, 5, 263
What are the prime factors of 1113?
3, 7, 53
What are the prime factors of 1006?
2, 503
What are the prime factors of 45056?
2, 11
List the prime factors of 27455.
5, 17, 19
List the prime factors of 2958.
2, 3, 17, 29
List the prime factors of 952.
2, 7, 17
List the prime factors of 1015.
5, 7, 29
What are the prime factors of 7470?
2, 3, 5, 83
What are the prime factors of 582?
2, 3, 97
What are the prime factors of 113052?
2, 3, 9421
List the prime factors of 49135.
5, 31, 317
List the prime factors of 15739.
15739
What are the prime factors of 24838?
2, 11, 1129
What are the prime factors of 40115?
5, 71, 113
List the prime factors of 6942.
2, 3, 13, 89
List the prime factors of 8692.
2, 41, 53
List the prime factors of 154474.
2, 77237
List the prime factors of 1328.
2, 83
What are the prime factors of 74586?
2, 3, 31, 401
List the prime factors of 16140.
2, 3, 5, 269
List the prime factors of 2427.
3, 809
List the prime factors of 7461.
3, 829
What are the prime factors of 92497?
17, 5441
List the prime factors of 1751.
17, 103
List the prime factors of 973.
7, 139
List the prime factors of 39684.
2, 3, 3307
List the prime factors of 198.
2, 3, 11
What are the prime factors of 310?
2, 5, 31
List the prime factors of 2446.
2, 1223
What are the prime factors of 666?
2, 3, 37
List the prime factors of 4442.
2, 2221
What are the prime factors of 14089?
73, 193
What are the prime factors of 42072?
2, 3, 1753
What are the prime factors of 626?
2, 313
What are the prime factors of 4284?
2, 3, 7, 17
List the prime factors of 17836.
2, 7, 13
What are the prime factors of 11340?
2, 3, 5, 7
What are the prime factors of 41367?
3, 13789
List the prime factors of 42330.
2, 3, 5, 17, 83
List the prime factors of 3830.
2, 5, 383
List the prime factors of 41.
41
List the prime factors of 21422.
2, 10711
List the prime factors of 1578.
2, 3, 263
What are the prime factors of 15056?
2, 941
List the prime factors of 3006.
2, 3, 167
What are the prime factors of 48461?
7, 23, 43
List the prime factors of 169805.
5, 33961
List the prime factors of 59.
59
List the prime factors of 2042.
2, 1021
What are the prime factors of 18409?
41, 449
What are the prime factors of 4286?
2, 2143
What are the prime factors of 1092?
2, 3, 7, 13
What are the prime factors of 1978?
2, 23, 43
What are the prime factors of 21850?
2, 5, 19, 23
List the prime factors of 701.
701
List the prime factors of 3823.
3823
List the prime factors of 9351.
3, 1039
What are the prime factors of 66196?
2, 13, 19, 67
List the prime factors of 6019.
13, 463
What are the prime factors of 152936?
2, 7, 2731
List the prime factors of 116246.
2, 13, 17, 263
List the prime factors of 35174.
2, 43, 409
What are the prime factors of 858?
2, 3, 11, 13
List the prime factors of 17357.
17, 1021
What are the prime factors of 68260?
2, 5, 3413
List the prime factors of 3128.
2, 17, 23
List the prime factors of 1934.
2, 967
List the prime factors of 1348.
2, 337
List the prime factors of 11419.
19, 601
What are the prime factors of 8530?
2, 5, 853
List the prime factors of 755.
5, 151
What are the prime factors of 93911?
93911
What are the prime factors of 30794?
2, 89, 173
List the prime factors of 121219.
7, 17317
What are the prime factors of 4940?
2, 5, 13, 19
What are the prime factors of 4358?
2, 2179
What are the prime factors of 2131?
2131
What are the prime factors of 4158?
2, 3, 7, 11
List the prime factors of 53773.
53773
List the prime factors of 3189.
3, 1063
List the prime factors of 1476.
2, 3, 41
What are the prime factors of 346?
2, 173
List the prime factors of 1624.
2, 7, 29
What are the prime factors of 37581?
3, 12527
What are the prime factors of 1415?
5, 283
What are the prime factors of 1962?
2, 3, 109
List the prime factors of 67264.
2, 1051
List the prime factors of 6586.
2, 37, 89
What are the prime factors of 10745?
5, 7, 307
What are the prime factors of 3998?
2, 1999
List the prime factors of 39465.
3, 5, 877
What are the prime factors of 2069?
2069
What are the prime factors of 30873?
3, 41, 251
What are the prime factors of 253?
11, 23
List the prime factors of 17938.
2, 8969
What are the prime factors of 131249?
131249
List the prime factors of 1275.
3, 5, 17
What are the prime factors of 524?
2, 131
List the prime factors of 20450.
2, 5, 409
What are the prime factors of 1510?
2, 5, 151
What are the prime factors of 742?
2, 7, 53
List the prime factors of 5382.
2, 3, 13, 23
List the prime factors of 29710.
2, 5, 2971
List the prime factors of 9993.
3, 3331
List the prime factors of 38119.
38119
What are the prime factors of 1764?
2, 3, 7
List the prime factors of 65528.
2, 8191
List the prime factors of 11528.
2, 11, 131
What are the prime factors of 788?
2, 197
List the prime factors of 6555.
3, 5, 19, 23
What are the prime factors of 4189?
59, 71
What are the prime factors of 13170?
2, 3, 5, 439
What are the prime factors of 1063?
1063
List the prime factors of 68126.
2, 23, 1481
What are the prime factors of 17486?
2, 7, 1249
List the prime factors of 47178.
2, 3, 2621
List the prime factors of 2276.
2, 569
What are the prime factors of 2659?
2659
List the prime factors of 13672.
2, 1709
What are the prime factors of 273?
3, 7, 13
What are the prime factors of 2179?
2179
What are the prime factors of 744?
2, 3, 31
List the prime factors of 899.
29, 31
List the prime factors of 564.
2, 3, 47
List the prime factors of 26802.
2, 3, 1489
List the p